
Convert 294 (base 12) to base 16.
190
What is 221 (base 3) in base 13?
1c
What is e (base 16) in base 15?
e
What is 223 (base 4) in base 14?
31
What is 6 (base 15) in base 16?
6
Convert -1020 (base 3) to base 15.
-23
What is -1101 (base 4) in base 3?
-10000
Convert -4a (base 14) to base 12.
-56
What is -4 (base 15) in base 14?
-4
14 (base 11) to base 8
17
Convert 4 (base 8) to base 5.
4
What is -50 (base 13) in base 8?
-101
-3 (base 15) to base 7
-3
-54 (base 14) to base 13
-59
What is 1011 (base 2) in base 4?
23
Convert 79 (base 14) to base 9.
128
What is 42 (base 6) in base 3?
222
4 (base 8) to base 11
4
What is 201 (base 4) in base 14?
25
What is -5 (base 9) in base 13?
-5
Convert 3 (base 15) to base 4.
3
-40 (base 9) to base 5
-121
Convert -3 (base 8) to base 7.
-3
What is -5d (base 15) in base 3?
-10021
Convert 6 (base 11) to base 7.
6
What is 102 (base 3) in base 14?
b
What is -2 (base 6) in base 5?
-2
Convert -108 (base 10) to base 2.
-1101100
-1 (base 6) to base 3
-1
Convert -11 (base 2) to base 13.
-3
60 (base 9) to base 12
46
Convert 9 (base 11) to base 13.
9
Convert -16 (base 12) to base 13.
-15
What is 7 (base 11) in base 6?
11
0 (base 14) to base 6
0
What is -4a (base 14) in base 7?
-123
-34 (base 14) to base 12
-3a
10000001 (base 2) to base 13
9c
Convert 43 (base 15) to base 5.
223
Convert 1 (base 8) to base 10.
1
-21 (base 7) to base 9
-16
423 (base 5) to base 8
161
What is -2 (base 13) in base 15?
-2
3 (base 15) to base 14
3
What is 10 (base 2) in base 16?
2
What is 0 (base 14) in base 15?
0
What is -27 (base 12) in base 14?
-23
-13 (base 7) to base 16
-a
10 (base 2) to base 9
2
What is -10000 (base 2) in base 7?
-22
What is 4 (base 15) in base 16?
4
Convert -91 (base 16) to base 10.
-145
-115 (base 9) to base 13
-74
-4c (base 14) to base 3
-2112
372 (base 9) to base 13
1a9
What is 1100011 (base 2) in base 3?
10200
What is -21 (base 14) in base 3?
-1002
Convert -113 (base 5) to base 3.
-1020
What is 123 (base 5) in base 15?
28
8 (base 12) to base 8
10
2 (base 11) to base 14
2
Convert -103 (base 6) to base 14.
-2b
What is -2 (base 8) in base 13?
-2
40 (base 7) to base 15
1d
Convert 1a4 (base 13) to base 7.
612
What is 1 (base 16) in base 9?
1
What is -3 (base 11) in base 16?
-3
What is -11 (base 10) in base 9?
-12
7 (base 13) to base 11
7
24 (base 6) to base 12
14
Convert -1011001 (base 2) to base 15.
-5e
Convert -2 (base 11) to base 10.
-2
-165 (base 9) to base 14
-a0
-12 (base 5) to base 14
-7
0 (base 15) to base 2
0
252 (base 7) to base 2
10000111
37 (base 14) to base 15
34
What is -135 (base 8) in base 15?
-63
-3 (base 9) to base 5
-3
Convert 43 (base 5) to base 6.
35
What is -8 (base 13) in base 14?
-8
-1 (base 5) to base 9
-1
What is 202 (base 12) in base 6?
1202
Convert 0 (base 13) to base 9.
0
What is 1111 (base 3) in base 10?
40
Convert 6 (base 11) to base 9.
6
What is a (base 13) in base 15?
a
What is 110 (base 4) in base 12?
18
Convert -133 (base 5) to base 7.
-61
-11 (base 5) to base 4
-12
Convert -205 (base 8) to base 4.
-2011
What is -101 (base 5) in base 2?
-11010
Convert 3 (base 10) to base 11.
3
What is 3 (base 5) in base 8?
3
What is -36 (base 15) in base 12?
-43
Convert -16 (base 8) to base 10.
-14
What is 341 (base 7) in base 16?
b0
6 (base 13) to base 2
110
-15 (base 15) to base 5
-40
Convert 100 (base 3) to base 2.
1001
Convert 3 (base 9) to base 3.
10
-5a (base 16) to base 2
-1011010
Convert 118 (base 13) to base 10.
190
Convert 200 (base 4) to base 14.
24
0 (base 12) to base 14
0
What is 153 (base 6) in base 7?
126
-30 (base 8) to base 11
-22
What is -2 (base 9) in base 3?
-2
What is d (base 14) in base 8?
15
Convert 2 (base 10) to base 2.
10
5 (base 14) to base 10
5
Convert 21 (base 3) to base 4.
13
Convert -18 (base 16) to base 6.
-40
What is -3 (base 8) in base 6?
-3
What is 10 (base 2) in base 16?
2
What is 1 (base 9) in base 3?
1
Convert 1 (base 10) to base 12.
1
44 (base 7) to base 3
1012
What is -7 (base 16) in base 10?
-7
What is -53 (base 12) in base 6?
-143
What is 34 (base 8) in base 10?
28
What is 185 (base 10) in base 3?
20212
-36 (base 15) to base 12
-43
-11 (base 4) to base 9
-5
34 (base 13) to base 10
43
10010 (base 3) to base 7
150
What is 33 (base 16) in base 9?
56
1d (base 15) to base 3
1001
132 (base 13) to base 2
11010010
-1 (base 16) to base 2
-1
What is -4 (base 6) in base 8?
-4
4 (base 8) to base 7
4
2120 (base 3) to base 8
105
Convert 3 (base 11) to base 3.
10
220 (base 4) to base 10
40
-302 (base 11) to base 7
-1031
What is -ac (base 13) in base 16?
-8e
What is 129 (base 10) in base 11?
108
What is 1 (base 3) in base 4?
1
What is 1102 (base 3) in base 15?
28
Convert 100 (base 2) to base 14.
4
-38 (base 10) to base 11
-35
Convert -1 (base 6) to base 2.
-1
1 (base 10) to base 6
1
What is -11001100 (base 2) in base 7?
-411
Convert -4 (base 6) to base 16.
-4
What is 5 (base 15) in base 2?
101
Convert 2a (base 16) to base 9.
46
What is 224 (base 10) in base 9?
268
-25 (base 9) to base 5
-43
Convert -1333 (base 4) to base 13.
-9a
-24 (base 7) to base 13
-15
Convert 11010 (base 3) to base 5.
421
-1 (base 16) to base 10
-1
What is 34 (base 9) in base 10?
31
-1a (base 13) to base 6
-35
What is 23 (base 6) in base 4?
33
-8 (base 13) to base 4
-20
2 (base 11) to base 4
2
5 (base 6) to base 12
5
0 (base 7) to base 4
0
What is -12c (base 14) in base 12?
-178
Convert 20 (base 13) to base 11.
24
-1 (base 12) to base 16
-1
What is 5a (base 14) in base 2?
1010000
What is 1201 (base 4) in base 16?
61
31 (base 5) to base 4
100
What is 14 (base 5) in base 14?
9
What is 0 (base 4) in base 11?
0
Convert -5 (base 14) to base 4.
-11
Convert -3 (base 12) to base 16.
-3
Convert 23 (base 15) to base 3.
1020
-10110 (base 2) to base 9
-24
What is -17 (base 9) in base 12?
-14
Convert 0 (base 10) to base 9.
0
Convert -23 (base 12) to base 7.
-36
Convert -3c (base 15) to base 2.
-111001
What is 353 (base 6) in base 14?
a1
Convert 63 (base 12) to base 3.
2210
-3 (base 9) to base 5
-3
Convert 8 (base 12) to base 13.
8
1 (base 12) to base 8
1
15 (base 11) to base 12
14
What is -3 (base 8) in base 10?
-3
Convert -b (base 15) to base 10.
-11
-111 (base 2) to base 8
-7
Convert -12022 (base 3) to base 7.
-263
What is 180 (base 9) in base 2?
10011001
-5 (base 15) to base 12
-5
What is -1111100 (base 2) in base 4?
-1330
What is 30 (base 4) in base 7?
15
What is 222 (base 4) in base 16?
2a
Convert 79 (base 12) to base 10.
93
31 (base 8) to base 15
1a
What is 14 (base 6) in base 8?
12
Convert b (base 12) to base 11.
10
11 (base 3) to base 7
4
What is -1 (base 5) in base 7?
-1
Convert -35 (base 15) to base 8.
-62
Convert -132 (base 4) to base 5.
-110
Convert -2 (base 7) to base 6.
-2
What is 3 (base 13) in base 15?
3
10 (base 8) to base 12
8
Convert 4 (base 11) to base 12.
4
Convert 1 (base 7) to base 9.
1
21 (base 14) to base 9
32
Convert -10011 (base 2) to base 8.
-23
47 (base 15) to base 16
43
-1 (base 12) to base 7
-1
Convert 5 (base 11) to base 12.
5
What is -1 (base 9) in base 5?
-1
What is -3 (base 6) in base 3?
-10
Convert 1 (base 3) to base 4.
1
-2 (base 8) to base 2
-10
Convert -5 (base 8) to base 10.
-5
What is -1114 (base 6) in base 15?
-127
Convert -254 (base 8) to base 4.
-2230
Convert 0 (base 7) to base 13.
0
What is 0 (base 3) in base 15?
0
What is -212 (base 3) in base 4?
-113
332 (base 6) to base 11
107
-12 (base 10) to base 12
-10
Convert -11 (base 9) to base 10.
-10
-1 (base 3) to base 16
-1
1b (base 14) to base 7
34
Convert 3 (base 10) to base 4.
3
Convert 111 (base 5) to base 6.
51
What is -4 (base 11) in base 8?
-4
Convert -2 (base 6) to base 12.
-2
What is 1 (base 5) in base 7?
1
What is b (base 14) in base 5?
21
What is 2d (base 14) in base 11?
38
68 (base 11) to base 13
59
13 (base 5) to base 16
8
Convert 10 (base 3) to base 2.
11
-2121 (base 3) to base 10
-70
What is -2 (base 6) in base 7?
-2
Convert 2 (base 3) to base 14.
2
Convert -5 (base 9) to base 5.
-10
What is -4 (base 10) in base 16?
-4
-13 (base 6) to base 3
-100
Convert -57 (base 12) to base 9.
-74
Convert 10000 (base 2) to base 15.
11
Convert -30 (base 4) to base 15.
-c
Convert 0 (base 10) to base 9.
0
Convert -30 (base 5) to base 16.
-f
Convert 20 (base 4) to base 14.
8
What is -1 (base 10) in base 4?
-1
What is -5 (base 11) in 